{"id":210,"date":"2026-02-11T15:54:10","date_gmt":"2026-02-11T15:54:10","guid":{"rendered":"https:\/\/notrevilletaneuse.fr\/?page_id=210"},"modified":"2026-02-15T18:19:31","modified_gmt":"2026-02-15T18:19:31","slug":"ville-universitaire","status":"publish","type":"page","link":"https:\/\/notrevilletaneuse.fr\/index.php\/ville-universitaire\/","title":{"rendered":"Ville Universitaire"},"content":{"rendered":"\n<h2 class=\"wp-block-heading\"><strong>Ville Universitaire<\/strong><\/h2>\n\n\n\n<p><em>R\u00e9concilier Villetaneuse avec son campus pour une citoyennet\u00e9 et un d\u00e9veloppement partag\u00e9s<\/em><\/p>\n\n\n\n<p><\/p>\n\n\n\n<h2 class=\"wp-block-heading\"><strong>L&#8217;\u00e9tat des lieux :<\/strong><\/h2>\n\n\n\n<p>Durant l\u2019actuel mandat de l\u2019\u00e9quipe municipale sortante, les liens se sont d\u00e9grad\u00e9s entre la ville et l\u2019Universit\u00e9  Paris XIII d\u00e9sormais d\u00e9nomm\u00e9e Sorbonne Paris Nord.<\/p>\n\n\n\n<p>Les probl\u00e9matiques majeures sont :<\/p>\n\n\n\n<ul class=\"wp-block-list\">\n<li>Abandon du travail de co-construction avec l\u2019universit\u00e9 Sorbonne Paris Nord engag\u00e9 sous le dernier mandat de Carinne Juste.<\/li>\n\n\n\n<li>L\u2019Abandon du projet de Maison de Sant\u00e9 partag\u00e9e, (qui en 2019, en \u00e9tait \u00e0 sa phase ultime de recherche de compl\u00e9ments de financements) illustre parfaitement le renoncement de la municipalit\u00e9 actuelle. Elle a sacrifi\u00e9 un projet solide au profit d&#8217;une promesse de Maison de sant\u00e9 reposant uniquement sur des fonds municipaux, projet qui d\u2019ailleurs n&#8217;a toujours pas vu le jour en 2026.<\/li>\n\n\n\n<li>Faiblesse des \u00e9changes culturels, sportifs et \u00e9ducatifs qui pourraient \u00eatre b\u00e9n\u00e9fiques aux habitants et aux \u00e9tudiants.<\/li>\n<\/ul>\n\n\n\n<p><\/p>\n\n\n\n<h2 class=\"wp-block-heading\"><strong>Nos Orientations Politiques :<\/strong><\/h2>\n\n\n\n<ul class=\"wp-block-list\">\n<li>Nous affirmons que l&#8217;Universit\u00e9 est une chance pour Villetaneuse et que la Ville doit redevenir une v\u00e9ritable &#8220;Ville Universitaire&#8221;.<\/li>\n\n\n\n<li>Notre principe est clair : Nous r\u00e9tablirons une d\u00e9marche apais\u00e9e, constructive et &#8220;\u00e9clair\u00e9e&#8221; avec l&#8217;USPN.<\/li>\n\n\n\n<li>En responsabilit\u00e9, tout sera mis en \u0153uvre pour que les Villetaneusiens puissent s&#8217;approprier le campus comme \u00e9tant un bien commun de la cit\u00e9. La municipalit\u00e9 sortira de son mutisme et s\u2019engagera \u00e0 son niveau de responsabilit\u00e9s concernant la vie \u00e9tudiante.<\/li>\n\n\n\n<li>Nous communiquerons r\u00e9guli\u00e8rement avec l\u2019Universit\u00e9 et en direction de la population sur les chantiers communs et leurs avanc\u00e9es.<\/li>\n<\/ul>\n\n\n\n<p><\/p>\n\n\n\n<h2 class=\"wp-block-heading\"><strong>Les propositions relevant du seul pouvoir de d\u00e9cision de la commune<\/strong><\/h2>\n\n\n\n<details class=\"wp-block-details is-layout-flow wp-block-details-is-layout-flow\"><summary>Gouvernance et participation \u00e9tudiante \u00e0 la vie locale<\/summary>\n<ul class=\"wp-block-list\">\n<li>R\u00e9activation d\u2019un espace de coordination entre la ville et l\u2019universit\u00e9 sans oublier le CROUS qui g\u00e8re 550 chambres \u00e9tudiantes.<\/li>\n\n\n\n<li>Faciliter l&#8217;accueil des \u00e9tudiants au sein des services municipaux (stages, alternances, projets de tutorat) pour renforcer l&#8217;expertise de la ville.<\/li>\n\n\n\n<li>Cr\u00e9ation d&#8217;Assises du Territoire r\u00e9guli\u00e8res pour associer les habitants et les forces associatives aux innovations universitaires qu\u2019elles soient scientifiques ou dans un autre domaine.<\/li>\n\n\n\n<li>Favoriser les projets et\/ou actions solidaires entre \u00e9tudiants et jeunes de la ville en vue de leur rapprochement.<\/li>\n\n\n\n<li>Ouverture vers l\u2019\u00e9conomie sociale et solidaire, en \u00e9valuant les besoins communs population et \u00e9tudiants pouvant donner lieu \u00e0 la cr\u00e9ation de services en commun comme par exemple une \u00c9picerie solidaire.<\/li>\n<\/ul>\n\n\n\n<p><\/p>\n<\/details>\n\n\n\n<details class=\"wp-block-details is-layout-flow wp-block-details-is-layout-flow\"><summary>Rayonnement culturel et Universit\u00e9 Populaire<\/summary>\n<ul class=\"wp-block-list\">\n<li>Universit\u00e9 Populaire de Villetaneuse : Cr\u00e9ation d&#8217;une structure ouverte \u00e0 tous pour se former aux droits sociaux, au num\u00e9rique et \u00e0 la citoyennet\u00e9. L\u2019universit\u00e9 peut \u00eatre aussi un lieu ressource pour notre politique m\u00e9morielle.<\/li>\n\n\n\n<li>Travail autour d\u2019actions culturelles communes.<\/li>\n\n\n\n<li>Travail en vue de la cr\u00e9ation d\u2019une &#8220;Universit\u00e9 du Temps Libre&#8221; avec des cycles de conf\u00e9rences et ateliers sp\u00e9cifiques ou transg\u00e9n\u00e9rationnels.<\/li>\n\n\n\n<li>R\u00e9flexions autour d\u2019\u00e9v\u00e9nements festifs visant \u00e0 favoriser la mixit\u00e9 des publics \u00e9tudiants et des habitants.<\/li>\n\n\n\n<li>Travailler \u00e0 la cr\u00e9ation d\u2019une chaire du territoire, pr\u00e9lude par exemple, \u00e0 une certification reconnaissant l&#8217;implication des jeunes universitaires ou Villetaneusiens dans des projets citoyens et \u00e9cologiques.<\/li>\n\n\n\n<li>Cr\u00e9ation d&#8217;une Ludoth\u00e8que en lien avec les fonds universitaires et utilisation des locaux de la nouvelle r\u00e9sidence universitaire pour des ateliers tous publics.<\/li>\n<\/ul>\n\n\n\n<p><\/p>\n<\/details>\n\n\n\n<details class=\"wp-block-details is-layout-flow wp-block-details-is-layout-flow\"><summary>La maison de sant\u00e9 partag\u00e9e<\/summary>\n<ul class=\"wp-block-list\">\n<li>La revivification d\u2019un r\u00e9el projet de co-\u00e9laboration des contenus de la maison de sant\u00e9 doit \u00eatre le moyen de se poser les questions n\u00e9cessaires au bien-\u00eatre de l\u2019ensemble de la population de Villetaneuse, \u00e9tudiants inclus.<\/li>\n\n\n\n<li>La mise en place de personnels de sant\u00e9 aussi bien sant\u00e9 physique que psychologique est un enjeu n\u00e9cessairement partag\u00e9. Toutes les tranches d\u2019\u00e2ge doivent pouvoir y avoir acc\u00e8s.<\/li>\n\n\n\n<li>Un effort particulier devra \u00eatre engag\u00e9 sur les questions de pr\u00e9vention sant\u00e9&nbsp;: planning familial, pr\u00e9vention MST, pr\u00e9carit\u00e9 menstruelle, risques li\u00e9s au vieillissement \u2026<\/li>\n<\/ul>\n\n\n\n<p><\/p>\n<\/details>\n\n\n\n<p><\/p>\n\n\n\n<h2 class=\"wp-block-heading\"><strong>Les propositions supposant d<\/strong>\u2019<strong>intervenir par l<\/strong>\u2019<strong>interm\u00e9diaire de Plaine commune<\/strong><\/h2>\n\n\n\n<ul class=\"wp-block-list\">\n<li>Logement mixte : Il s\u2019agirait, en conformit\u00e9 avec les orientations de l\u2019universit\u00e9 de travailler un partenariat avec les services de l&#8217;\u00c9tat pour que les programmes de logements int\u00e8grent une r\u00e9elle mixit\u00e9 (chercheurs, personnels m\u00e9dicaux et habitants).<\/li>\n\n\n\n<li>Am\u00e9liorer la relation avec l\u2019universit\u00e9 pour que p\u00e9pini\u00e8res d\u2019entreprises et Start-ups n\u00e9es \u00e0 l&#8217;universit\u00e9 participent davantage \u00e0 cr\u00e9er de l&#8217;emploi local.<\/li>\n\n\n\n<li>Il s\u2019agira \u00e9galement de reprendre une r\u00e9flexion apais\u00e9e avec l\u2019universit\u00e9 en mati\u00e8re de biodiversit\u00e9 et <s>des<\/s> circulations douces entre la ville et le campus.<\/li>\n<\/ul>\n\n\n\n<p><\/p>\n\n\n\n<h2 class=\"wp-block-heading\"><strong>Les propositions relevant du devoir d<\/strong>\u2019<strong>intervention aupr\u00e8s d<\/strong>\u2019<strong>autres institutions<\/strong><\/h2>\n\n\n\n<ul class=\"wp-block-list\">\n<li>\u00c9ducation (Lyc\u00e9e num\u00e9rique) : D\u00e9fendre aupr\u00e8s de la R\u00e9gion la cr\u00e9ation d&#8217;une section num\u00e9rique \u00e0 Villetaneuse, cr\u00e9ant un continuum Bac-3 \/ Bac+3 avec l&#8217;IUT et l&#8217;Universit\u00e9.<\/li>\n\n\n\n<li>Convention Ville-CROUS : Formaliser un partenariat de tutorat pour que les \u00e9tudiants accompagnent les \u00e9l\u00e8ves des \u00e9coles de Villetaneuse dans leur r\u00e9ussite scolaire (aide aux devoirs, lutte contre le d\u00e9crochage).<\/li>\n\n\n\n<li>Partenariat avec la fili\u00e8re STAPS et les \u00e9quipements sportifs universitaires pour favoriser le Handisport et le sport-sant\u00e9 pour les habitants.<\/li>\n\n\n\n<li>Int\u00e9grer les laboratoires de recherche de l\u2019USPN dans les projets de coop\u00e9ration d\u00e9centralis\u00e9e (ex: Koniakary), et dans le travail autour de la recherche de voies et moyens pour relancer des jumelages.<\/li>\n<\/ul>\n\n\n\n<p><\/p>\n\n\n\n<h2 class=\"wp-block-heading\"><strong>Autres questions \u00e0 d\u00e9velopper dans la suite du travail du groupe pouvant renforcer la relation Ville\/Universit\u00e9&nbsp; et l\u2019attractivit\u00e9 de l\u2019universit\u00e9.<\/strong><\/h2>\n\n\n\n<ul class=\"wp-block-list\">\n<li>La cr\u00e9ation d\u2019une Maison d&#8217;Assistantes Maternelles (MAM) partag\u00e9e ville-facult\u00e9 car besoin partag\u00e9.<\/li>\n\n\n\n<li>La r\u00e9initialisation du projet de Ferme urbaine p\u00e9dagogique.<\/li>\n\n\n\n<li>La cr\u00e9ation d\u2019un restaurant associatif.<\/li>\n\n\n\n<li>L\u2019exigence du prolongement du T11 comme pr\u00e9vu.<\/li>\n<\/ul>\n\n\n\n<p><\/p>\n\n\n\n<div style=\"height:33px\" aria-hidden=\"true\" class=\"wp-block-spacer\"><\/div>\n\n\n\n<figure class=\"wp-block-image aligncenter size-large\"><img loading=\"lazy\" decoding=\"async\" width=\"725\" height=\"1024\" src=\"https:\/\/notrevilletaneuse.fr\/wp-content\/uploads\/2026\/02\/thema-Ville-universitaire-V2_page-0001-725x1024.jpg\" alt=\"\" class=\"wp-image-529\" srcset=\"https:\/\/notrevilletaneuse.fr\/wp-content\/uploads\/2026\/02\/thema-Ville-universitaire-V2_page-0001-725x1024.jpg 725w, https:\/\/notrevilletaneuse.fr\/wp-content\/uploads\/2026\/02\/thema-Ville-universitaire-V2_page-0001-212x300.jpg 212w, https:\/\/notrevilletaneuse.fr\/wp-content\/uploads\/2026\/02\/thema-Ville-universitaire-V2_page-0001-768x1085.jpg 768w, https:\/\/notrevilletaneuse.fr\/wp-content\/uploads\/2026\/02\/thema-Ville-universitaire-V2_page-0001-1087x1536.jpg 1087w, https:\/\/notrevilletaneuse.fr\/wp-content\/uploads\/2026\/02\/thema-Ville-universitaire-V2_page-0001.jpg 1241w\" sizes=\"auto, (max-width: 725px) 100vw, 725px\" \/><\/figure>\n\n\n\n<div class=\"wp-block-buttons is-content-justification-center is-layout-flex wp-container-core-buttons-is-layout-a89b3969 wp-block-buttons-is-layout-flex\">\n<div class=\"wp-block-button\"><a class=\"wp-block-button__link wp-element-button\" href=\"https:\/\/notrevilletaneuse.fr\/wp-content\/uploads\/2026\/02\/thema-Ville-universitaire-V2.pdf\">T\u00e9l\u00e9charger la version livret (PDF)<\/a><\/div>\n<\/div>\n\n\n\n<p><\/p>\n","protected":false},"excerpt":{"rendered":"<p>Ville Universitaire R\u00e9concilier Villetaneuse avec son campus pour une citoyennet\u00e9 et un d\u00e9veloppement partag\u00e9s L&#8217;\u00e9tat des lieux : Durant l\u2019actuel [&hellip;]<\/p>\n","protected":false},"author":1,"featured_media":0,"parent":0,"menu_order":0,"comment_status":"closed","ping_status":"closed","template":"","meta":{"_monsterinsights_skip_tracking":false,"_monsterinsights_sitenote_active":false,"_monsterinsights_sitenote_note":"","_monsterinsights_sitenote_category":0,"site-sidebar-layout":"default","site-content-layout":"","ast-site-content-layout":"default","site-content-style":"default","site-sidebar-style":"default","ast-global-header-display":"","ast-banner-title-visibility":"","ast-main-header-display":"","ast-hfb-above-header-display":"","ast-hfb-below-header-display":"","ast-hfb-mobile-header-display":"","site-post-title":"disabled","ast-breadcrumbs-content":"","ast-featured-img":"","footer-sml-layout":"","ast-disable-related-posts":"","theme-transparent-header-meta":"","adv-header-id-meta":"","stick-header-meta":"","header-above-stick-meta":"","header-main-stick-meta":"","header-below-stick-meta":"","astra-migrate-meta-layouts":"default","ast-page-background-enabled":"default","ast-page-background-meta":{"desktop":{"background-color":"var(--ast-global-color-5)","background-image":"","background-repeat":"repeat","background-position":"center center","background-size":"auto","background-attachment":"scroll","background-type":"","background-media":"","overlay-type":"","overlay-color":"","overlay-opacity":"","overlay-gradient":""},"tablet":{"background-color":"","background-image":"","background-repeat":"repeat","background-position":"center center","background-size":"auto","background-attachment":"scroll","background-type":"","background-media":"","overlay-type":"","overlay-color":"","overlay-opacity":"","overlay-gradient":""},"mobile":{"background-color":"","background-image":"","background-repeat":"repeat","background-position":"center center","background-size":"auto","background-attachment":"scroll","background-type":"","background-media":"","overlay-type":"","overlay-color":"","overlay-opacity":"","overlay-gradient":""}},"ast-content-background-meta":{"desktop":{"background-color":"var(--ast-global-color-4)","background-image":"","background-repeat":"repeat","background-position":"center center","background-size":"auto","background-attachment":"scroll","background-type":"","background-media":"","overlay-type":"","overlay-color":"","overlay-opacity":"","overlay-gradient":""},"tablet":{"background-color":"var(--ast-global-color-4)","background-image":"","background-repeat":"repeat","background-position":"center center","background-size":"auto","background-attachment":"scroll","background-type":"","background-media":"","overlay-type":"","overlay-color":"","overlay-opacity":"","overlay-gradient":""},"mobile":{"background-color":"var(--ast-global-color-4)","background-image":"","background-repeat":"repeat","background-position":"center center","background-size":"auto","background-attachment":"scroll","background-type":"","background-media":"","overlay-type":"","overlay-color":"","overlay-opacity":"","overlay-gradient":""}},"footnotes":""},"class_list":["post-210","page","type-page","status-publish","hentry"],"_links":{"self":[{"href":"https:\/\/notrevilletaneuse.fr\/index.php\/wp-json\/wp\/v2\/pages\/210","targetHints":{"allow":["GET"]}}],"collection":[{"href":"https:\/\/notrevilletaneuse.fr\/index.php\/wp-json\/wp\/v2\/pages"}],"about":[{"href":"https:\/\/notrevilletaneuse.fr\/index.php\/wp-json\/wp\/v2\/types\/page"}],"author":[{"embeddable":true,"href":"https:\/\/notrevilletaneuse.fr\/index.php\/wp-json\/wp\/v2\/users\/1"}],"replies":[{"embeddable":true,"href":"https:\/\/notrevilletaneuse.fr\/index.php\/wp-json\/wp\/v2\/comments?post=210"}],"version-history":[{"count":6,"href":"https:\/\/notrevilletaneuse.fr\/index.php\/wp-json\/wp\/v2\/pages\/210\/revisions"}],"predecessor-version":[{"id":531,"href":"https:\/\/notrevilletaneuse.fr\/index.php\/wp-json\/wp\/v2\/pages\/210\/revisions\/531"}],"wp:attachment":[{"href":"https:\/\/notrevilletaneuse.fr\/index.php\/wp-json\/wp\/v2\/media?parent=210"}],"curies":[{"name":"wp","href":"https:\/\/api.w.org\/{rel}","templated":true}]}}